 (-270)/12*(-4)/6. Suppose 0 = o - 6*o + s. Suppose 0 = -o*k + 18 + 9. Is k a composite number?
True
Suppose -2*g - v = -3*v + 82, -4*g - 4*v - 124 = 0. Is 2510/2 + g/(-9) prime?
True
Let s = 2351 + -442. Is s composite?
True
Suppose x = -4*a + 73 + 36, -3*a = 3*x - 336. Suppose k - 2*r - r - 109 = 0, k = 4*r + x. Is k a composite number?
False
Let k = 23 + -42. Let m = -12 - k. Is m a prime number?
True
Suppose 2*s = s + 3*r - 99, 0 = 3*s - 2*r + 290. Let q = s + 173. Is q prime?
False
Let r(d) = d**3 + 6*d**2 + 4. Let m be r(-6). Let i(v) = 2*v**3 - 4*v**2 - 2*v + 6. Is i(m) a composite number?
True
Suppose 4*x - 12 = 0, -w - 3*x - 946 = -2*w. Is w composite?
True
Let b(m) = -4 - 9*m**2 + 0*m**2 - 4*m - 9 - m**3. Let c be 8*2/(-2) + -1. Is b(c) composite?
False
Suppose 0 = 2*o + 370 - 1516. Is o prime?
False
Suppose 0 = 4*y + 4, 64 + 23 = 4*z + y. Suppose 0 = 4*b - z - 126. Is b composite?
False
Is ((-2)/6)/(25/(-87225)) composite?
False
Let l(y) = y**3 - 3*y**2 + 3*y. Let r be l(2). Suppose n = -r*n + 63. Is n a prime number?
False
Let h(g) = -g**2 + 8*g - 1. Let n(s) = -2*s**2 - 1 - 2 + s**2 + 7*s. Let v be n(5). Is h(v) a prime number?
False
Let p(t) = 4*t + 1. Let s be p(1). Suppose s*q - 4 = 3*q. Suppose 0 = -q*c - 5*o + 55, -3*c + o - 6*o = -70. Is c a composite number?
True
Let h(k) = 12*k**2 + k - 1. Let i be h(1). Is i + 8/4 + -4 a composite number?
True
Suppose 2*l = i - 1 - 2, 0 = -2*l + 2. Suppose -4*h - h - 2*w = -16, -13 = h - i*w. Suppose 2*c = -2*s + 52, h*c + s - 52 = -0*c. Is c a prime number?
False
Suppose 12 = x + 2*x. Suppose 8 = -x*s - 4*h, 3*s + 4*h = 2*s - 17. Suppose n - s*n = -66. Is n a prime number?
False
Let q(m) = -8*m + 10*m + 10*m + 19. Is q(9) a prime number?
True
Let o = -83 + 138. Is o composite?
True
Let l = 24 + -11. Is l composite?
False
Is 4/14 + 3156/28 composite?
False
Suppose -2*s + 31 = -2*f - 11, -f = -2*s + 20. Let v = f - -69. Is v a prime number?
True
Suppose -2*j + 31 = -101. Is (-1)/(-1) - -1*j composite?
False
Let z = 13 - 11. Is (-38)/(-4) - z/4 a composite number?
True
Let r(s) = s**2 - 2*s. Is r(-5) composite?
True
Suppose -6*c + 5*c = 4. Suppose -26 - 6 = -4*g. Let r = c + g. Is r a composite number?
True
Let v(j) = 7*j**2 - 2*j + 1. Is v(-2) a prime number?
False
Let k be -1*(2 + -3 - 1204). Let q(m) = -m**3 - 4*m**2 + 5*m + 5. Let l be q(-5). Suppose l*y = -2*n + k, -5*y - 4*n + 1185 = -6*n. Is y a prime number?
True
Let c(x) = -2*x**3 - x - 1. Let v be c(-1). Let w be (-502)/(-7) - v/(-7). Suppose 5*y - 5*o = 185, 5*y + 4*o = w + 77. Is y prime?
False
Let k(q) = 1. Let a(p) = 14*p + 3. Suppose -2*h - g = 9 - 2, -h + 4*g + 10 = 0. Let f(j) = h*k(j) + a(j). Is f(6) prime?
False
Let o be 110/(-50) + (-2)/(-10). Is 942/9*(-3)/o prime?
True
Is (7/14)/((-2)/(-24)) a composite number?
True
Suppose -7*n + 3*n - 20 = 0, -2*r + 4*n = -2586. Is r a composite number?
False
Suppose -4*r - 1 = 3. Is 58*(r + 27/6) a composite number?
True
Let d = -3 - -5. Suppose -2*h - d*h = -88. Is h prime?
False
Suppose -276 = -12*z + 744. Is z prime?
False
Let g(v) = 31*v - 14. Is g(7) prime?
False
Suppose 2*b - 17955 = -b. Is b/12 - 1/(-4) prime?
True
Let v(r) = -r**3 + r + 31. Let b be -1*((0 - 1) + 0). Let n = 1 - b. Is v(n) composite?
False
Let v(f) = 2*f - 2. Let p be v(5). Suppose 10*i - 268 = p*i. Is i a prime number?
False
Suppose 0*b = s - 2*b, 2*s - 5*b = -2. Suppose -z + s*q = 4*z - 413, z + q - 88 = 0. Suppose 2*k = k + z. Is k a composite number?
True
Suppose r + 41 = -3*g + g, 4*g + 76 = 4*r. Is (-1108)/g + 4/(-10) composite?
True
Suppose -2*g = -4*a + 2, 4*g + 2*a - a = -31. Let d(u) = -u**3 - 8*u**2 - 9*u + 5. Is d(g) a prime number?
True
Suppose 1005 = 4*p - p. Is p prime?
False
Let i be (-2)/((2/(-2))/(-1)). Let m be 2/((-4)/(i/(-1))). Let g(w) = 19*w**2 + w + 1. Is g(m) a composite number?
False
Let l(u) = -2*u - 7. Let x be l(-5). Suppose -3*s = -0*s - 4*z - 67, x*z - 18 = -s. Is s prime?
False
Suppose d = -3*f + 164, -d + 4*f = -f - 196. Suppose 0 = -4*i - 145 + 417. Suppose -3*w + d = 5*h - 0*w, 2*h = -2*w + i. Is h a prime number?
True
Suppose 14*x = 19*x - 1255. Is x composite?
False
Let q = -2988 - -4877. Is q a composite number?
False
Let s(k) = 3*k**2 + 4*k - 4. Let f(l) = -l - 1. Let u(x) = 3*x + 5. Let a(c) = -4*f(c) - u(c). Let b be a(4). Is s(b) composite?
True
Suppose -j - 3*a = -1139, 0 = -4*j + 5*a + 436 + 4120. Is j a prime number?
False
Let l(k) = k**2 + 5. Suppose -16*d + 13*d + 54 = 0. Is l(d) prime?
False
Let k = -10 + 11. Is 4 - 55*(k + -2) a composite number?
False
Let f(a) be the third derivative of -a**4/4 - 4*a**3/3 + 5*a**2. Is f(-15) a composite number?
True
Let r be 6/((-8)/340*-5). Let w = r + 26. Is w a composite number?
True
Let b = -2 - -4. Let g(t) = 2*t**2 - 3*t**b - 8 + 6*t + 6*t. Is g(9) a composite number?
False
Suppose -11 = -3*o + 4. Suppose o*n - 118 - 85 = -4*p, -n + 2*p + 35 = 0. Is n composite?
True
Let w(o) = -2*o - 7. Let k be w(-5). Suppose -4*d + 1316 = -2*j, 0 = 2*d + k*j + 2*j - 658. Is d prime?
False
Let i(y) = y + 7. Let x be i(-4). Suppose x*a + 13 = k, 3*k = -4*a - 11 - 2. Let m = a + 10. Is m a composite number?
True
Let c = -320 - -3055. Is c a prime number?
False
Let z be 7 - 0 - (9 + -6). Suppose z*i - 443 = 2*n + 61, n = 2. Is i prime?
True
Let n(v) = -v + 16. Let u be n(12). Suppose -u*y - 24 = -868. Is y a composite number?
False
Let r be -5*(-5)/((-50)/(-8)). Suppose k - 4*z = 126, -r*k + 107 = -z - 322. Is k a composite number?
True
Suppose 4*x + 2379 + 446 = 3*c, 3*x + 2826 = 3*c. Is c a prime number?
False
Suppose 3*q + 562 = 2815. Suppose -q = -29*s + 28*s. Is s a composite number?
False
Let u(m) = 33*m - 5. Let w be (-16)/(-6) + 1/3. Let q(n) = -n**3 + 3*n**2 + 2*n - 2. Let r be q(w). Is u(r) a composite number?
False
Suppose 3 = 2*n - 7. Suppose 5*s - v + n = 0, 0*s + 1 = -s - v. Is 1 - s*2*5 prime?
True
Let a = -17 - -11. Is ((-91)/(-3))/((-2)/a) a prime number?
False
Suppose 2*z + 4*y - 19 + 7 = 0, -2*z = 2*y - 2. Let k(i) = -46*i + 7. Is k(z) prime?
True
Suppose -2 + 24 = -r - 5*y, 0 = -4*r + 2*y. Let x = r + 5. Suppose 60 = 4*s - 4*o, 2*s + 3*o + 25 = x*s. Is s prime?
False
Suppose 0 = -3*x - 3*q + 2*q + 4624, 4*x + 5*q = 6147. Is x prime?
True
Let c(a) = 3*a**3 + 2*a**2 - 7*a + 1. Is c(3) a prime number?
True
Let z(l) = l. Let g(y) = 4*y**3 - y**2 + y - 2. Let f(p) = g(p) - 3*z(p). Let c be f(-2). Let o = c + 53. Is o a prime number?
True
Let a(k) = 23*k**2 + 5*k + 33. Is a(-4) composite?
True
Is 3 - 2 - (-612 + -1 + 0) composite?
True
Let g be (1329/(-6))/(1/(-2)). Let x = -240 + g. Is x a composite number?
True
Let j be (12/(-12))/(2/(-18)). Let l = j - -34. Is l composite?
False
Let p = 731 + -210. Is p a prime number?
True
Let x = 522 - 49. Is x prime?
False
Let a be 122 + (-4)/(-8)*0. Is a + 8 - (1 - 4) a composite number?
True
Let v = 1 - 3. Let h be -1 - (3 - 1)*v. Suppose 3*u + 21 = 2*q + q, -q - h*u = 5. Is q prime?
False
Suppose 0 = -2*o - 269 - 395. Let j(a) = -22*a**3 + 4*a - 3. Let b be j(2). Let z = b - o. Is z prime?
False
Suppose -3*s + 15 = 7*g - 2*g, 2*g = 5*s + 6. Suppose g*l + 163 = 2*t - 0*l, 3*t + 2*l = 225. Is t a composite number?
True
Let i be 1/3 + 5/3. Suppose -i*w + 345 = w. Is w a prime number?
False
Let y(z) be the third derivative of z**5/60 - z**4/12 + z**3/2 - 2*z**2. Is y(3) composite?
True
Let j = 33 - -2. Is j a composite number?
True
Let a be (-2)/(-10) - (-28)/10. Suppose -a*s - 20 = -2*c, 0 = -s - 2 - 2. Suppose -19 = -l - c. Is l a prime number?
False
Let z(k) = 2*k - 5. Let h be z(4). Suppose 3*n - 33 = -n + 5*l, 0 = -h*n + 3*l + 21. Suppose 0 = n*w - 7*w + 395. Is w a composite number?
False
Let t(g) = -4*g**3 - 4*g**2 - 12*g - 11. Is t(-5) composite?
False
Let s(t) = -t**2 + 25*t - 17. Suppose -2*v + 60 = 2*v. Is s(v) a prime number?
False
Suppose 0 = 3*k - 5*v - 1146, -2*k - 2*v + 193 + 555 = 0. Is k composite?
True
Let p(g) = 3 + 8 + g + 4 + g**3. Is p(0) a composite number?
True
Let s be -1*2 + 2 + -36. Let u be ((-111)/(-12))/((-3)/s). Is (2 + 0)*u/6 prime?
True
Let m(y) = -2*y + 7. Let s(q) = 2*q - 7. Let w(t) = -5*m(t) - 6*s(t). Is w(-7) composite?
True
Let x = 25 + 12. Is x a composite number?
False
Suppose -19*k = -26*k + 12481. Is k prime?
True
Suppose 6*x - 15 = x. S